09. Determine t(73).
7
Let g(c) = 28*c**3 - 9*c**2 + 106*c - 2. Give g(6).
6358
Let k(f) = 271*f - 84686. Give k(313).
137
Let m(v) = -59845*v + 2573339. Determine m(43).
4
Let y(p) = -485*p - 127075. What is y(-262)?
-5
Let i(q) = -q**3 + 2260*q**2 - 15782*q + 75. Determine i(7).
-2
Let v(q) = q**3 + 121*q**2 - 23*q - 3739. What is v(-121)?
-956
Let c(q) = -q**2 + 1900*q + 21022. What is c(-11)?
1
Let f(y) = 3605*y + 119035. What is f(-33)?
70
Let x(g) = 21*g**2 - 33848*g + 496667. Give x(1597).
0
Let m(d) = -139502*d - 139474. Give m(-1).
28
Let y(z) = -4992*z + 55781. Determine y(11).
869
Let p(j) = 6*j**2 - 622*j + 7066. Calculate p(13).
-6
Let j(r) = -11*r**3 - 112*r**2 + r + 15. Give j(-3).
-699
Let v(p) = -p**3 + 124*p**2 + 394*p - 48814. What is v(124)?
42
Let o(k) = -9*k**2 - 8*k - 412. Calculate o(-12).
-1612
Let u(d) = 6*d**2 - 22*d - 165. Determine u(-9).
519
Let r(q) = -4*q**2 - 1663*q - 115082. Determine r(-328).
46
Let c(k) = 296546*k - 1482738. Calculate c(5).
-8
Let h(l) = -6671*l - 1260825. What is h(-189)?
-6
Let w(r) = -2*r**2 + 846*r - 3336. Determine w(4).
16
Let t(s) = -s**2 + 331*s + 19881. Give t(-52).
-35
Let l(k) = 3511*k + 160088. Give l(-46).
-1418
Let c(q) = -1239*q + 70770. What is c(57)?
147
Let i(m) = 596*m + 3539. What is i(-7)?
-633
Let c(y) = 153*y**2 - 645*y - 175. Give c(7).
2807
Let s(w) = -54*w**2 - 329*w + 82. Give s(-6).
112
Let g(r) = r**3 + 1402*r**2 - 7545*r + 2559. What is g(5)?
9
Let l(c) = -c**2 + 147*c + 9687. What is l(-50)?
-163
Let u(h) = 341*h - 2980. Calculate u(7).
-593
Let c(h) = -25804*h - 77394. What is c(-3)?
18
Let k(q) = q**2 - 68211*q - 68210. Determine k(-1).
2
Let n(s) = -1429*s + 4801. Determine n(4).
-915
Let j(x) = -10249*x - 61187. Determine j(-6).
307
Let l(f) = -3417*f + 6824. What is l(2)?
-10
Let h(b) = -32*b**3 + 1268*b**2 + 478*b + 111. Give h(40).
31
Let s(d) = 61*d**2 - 1055*d + 216. What is s(17)?
-90
Let s(i) = i**2 - 167*i + 4290. Calculate s(22).
1100
Let s(g) = g**2 + 26573*g - 345618. Give s(13).
0
Let g(r) = 3*r**3 - 430*r**2 + 1398*r + 292. Calculate g(140).
12
Let f(n) = n**3 + 48*n**2 + 423*n + 526. Determine f(-9).
-122
Let a(m) = -8*m**2 - 1463*m + 20439. Give a(13).
68
Let b(h) = 118*h + 1344. Determine b(-14).
-308
Let q(a) = -4*a**2 - 366*a + 1566. Calculate q(-90).
2106
Let v(r) = r**3 + 13*r**2 - 75*r - 982. Give v(-11).
85
Let s(z) = z**3 + 3881*z**2 - 23332*z + 52. Determine s(6).
-8
Let f(o) = o**2 + 81*o - 72417. Calculate f(232).
199
Let r(c) = 3*c**3 - 244*c**2 + 74*c + 659. Calculate r(81).
92
Let s(p) = -p**2 - 788*p + 64737. Give s(75).
12
Let n(x) = -53663*x + 48. What is n(0)?
48
Let t(m) = 5*m**3 - 134*m**2 - 14*m + 155. Give t(27).
506
Let l(w) = -2*w**2 + 242*w + 172085. What is l(-239)?
5
Let d(o) = -6*o**2 + 5070*o + 1906883. Calculate d(1127).
-1
Let y(c) = -c**3 - 12*c**2 + 489*c + 6490. What is y(-14)?
36
Let x(n) = 166*n - 13179. Calculate x(75).
-729
Let o(l) = 3471*l - 214919. Give o(62).
283
Let x(b) = -12*b**2 + 11682*b - 882091. Determine x(891).
-1
Let w(a) = -2*a**2 + 272*a - 7540. Determine w(40).
140
Let a(q) = -3*q**3 + 217*q**2 + 16*q - 5834. What is a(72)?
502
Let n(i) = i**3 + 26*i**2 - 49*i - 1408. Calculate n(-23).
1306
Let s(o) = -2499*o - 17537. Determine s(-7).
-44
Let q(x) = 42*x**3 + 87*x**2 - 167*x + 80. Give q(1).
42
Let z(o) = -225*o**2 - 510*o - 1. What is z(-2)?
119
Let q(r) = 321*r - 1221. What is q(13)?
2952
Let x(g) = 3*g**3 + 15*g**2 - 605*g - 94. Calculate x(12).
-10
Let f(w) = 536*w - 6595. Determine f(13).
373
Let z(a) = a**2 + 40697*a + 2722198. What is z(-67)?
-12
Let r(o) = 20*o**2 - 2327*o - 22567. Determine r(-9).
-4
Let u(x) = -165*x - 59902. Calculate u(-363).
-7
Let p(t) = 28*t**2 - 9*t + 977. What is p(0)?
977
Let d(y) = 2*y**2 + 583*y + 42196. Determine d(-130).
206
Let y(m) = 4634*m + 46027. Determine y(-10).
-313
Let s(w) = -w**2 - 477*w + 3061. Give s(6).
163
Let l(x) = x**2 + 125*x + 2988. What is l(-32)?
12
Let a(m) = 10842*m + 119657. Calculate a(-11).
395
Let k(j) = -j**3 + 14*j**2 - 1391*j + 17960. What is k(13)?
46
Let u(z) = 12*z**3 - 144*z**2 + 1874*z - 13948. What is u(9)?
2
Let s(t) = -3*t**3 + 32*t**2 - 23*t - 31. Give s(10).
-61
Let u(a) = -8*a**3 + 230*a**2 - 5983*a + 175186. Determine u(29).
-3
Let r(k) = -78*k - 3161. What is r(-43)?
193
Let f(w) = w**2 - 902*w + 103472. Calculate f(133).
1195
Let k(o) = 2*o**3 - 16*o**2 + 15*o - 560. What is k(14)?
2002
Let d(b) = 178*b + 220. What is d(-3)?
-314
Let b(t) = 2*t**2 - 797*t - 38432. Determine b(442).
22
Let u(b) = -16*b**3 - 57*b**2 - 71*b - 9. What is u(-4)?
387
Let t(l) = -l**3 + 128*l**2 + 2804*l - 1630. Give t(147).
-13
Let g(t) = t**3 - 202*t**2 - 193*t - 3316. What is g(203)?
-1286
Let b(k) = -1195*k - 54935. Calculate b(-46).
35
Let n(y) = y**3 - 535*y**2 + 2*y + 2205. Give n(0).
2205
Let v(l) = 64*l + 128. Determine v(0).
128
Let p(z) = -189*z - 7529. Calculate p(-41).
220
Let z(x) = -x**3 - 224*x**2 - 4018*x - 25217. Calculate z(-205).
-2
Let c(p) = 61*p**2 + 949*p - 3329. Determine c(3).
67
Let c(n) = -246*n + 295. Calculate c(5).
-935
Let w(c) = -c**3 + 127*c**2 + 10692*c + 7100. What is w(185)?
70
Let t(p) = 3*p**3 - 23*p**2 + 87*p + 6. Give t(10).
1576
Let g(z) = -7789*z - 63085. Give g(-8).
-773
Let i(d) = -23534*d + 47243. Calculate i(2).
175
Let k(f) = 24*f**2 - 66135*f - 264919. Calculate k(-4).
5
Let n(s) = -s**3 - 86*s**2 - 1176*s - 11. What is n(-69)?
196
Let d(l) = -185097*l + 3331751. Calculate d(18).
5
Let w(y) = y**2 + 4434*y - 35549. What is w(8)?
-13
Let n(q) = -3*q**3 - 91*q**2 + 18528*q + 572450. Calculate n(-31).
4
Let f(a) = 20480*a - 81904. Calculate f(4).
16
Let j(i) = 2*i**3 - 259*i**2 + 3728*i + 105. Give j(113).
-8
Let q(y) = 2*y**3 + 477*y**2 - 3179*y + 1423. Calculate q(-245).
-47
Let h(r) = r**3 + 221*r**2 - 28*r + 43083. What is h(-222)?
15
Let q(m) = -m**2 + 4170*m + 8355. What is q(-2)?
11
Let r(c) = -2*c**2 + 67846*c - 2236751. Calculate r(33).
-11
Let c(j) = 14158*j - 467237. What is c(33)?
-23
Let s(f) = 239*f + 8532. Calculate s(-36).
-72
Let u(n) = 104*n**3 + 6*n**2 - 35*n + 52. Determine u(2).
838
Let n(b) = -5*b**2 + 560*b - 5044. Give n(99).
1391
Let a(w) = w**3 - 17*w**2 - 231*w + 14. Determine a(-11).
-833
Let t(d) = -3851*d + 31257. Determine t(8).
449
Let u(b) = -b**3 - 4*b**2 + 3466*b + 24247. Calculate u(-7).
132
Let u(q) = 14920*q + 522196. What is u(-35)?
-4
Let g(i) = -i**3 + 182*i**2 - 1564*i + 1217. What is g(173)?
6
Let w(i) = 507*i**2 - 13614*i - 2006. What is w(27)?
19
Let l(q) = -120*q**2 - 47*q + 32. Determine l(-1).
-41
Let o(a) = 1695*a + 111796. Determine o(-66).
-74
Let j(u) = -19*u**2 + 213*u + 1444. Determine j(16).
-12
Let d(m) = 4152*m - 419373. Determine d(101).
-21
Let c(j) = 3*j**2 + 348*j + 6534. Give c(-23).
117
Let v(o) = -2*o**2 - 128805*o - 11190897. Give v(-87).
0
Let o(k) = 2*k**2 + 405*k + 19334. Give o(-75).
209
Let o(c) = -c**3 - 51*c**2 - 633*c + 76. What is o(-28)?
-232
Let a(z) = -2*z**2 + 36*z + 36963. What is a(-128)?
-413
Let q(k) = 13*k**2 - 2488*k - 20440. What is q(-8)?
296
Let v(o) = -1731*o - 8716. Give v(-5).
-61
Let b(r) = -57517*r**2 + 230076*r - 31. Give b(4).
1
Let h(m) = -69*m**2 - 3410*m + 44. Determine h(-49).
1465
Let s(d) = -1167*d - 129564. Give s(-111).
-27
Let t(g) = 10*g**2 - 47048*g + 94083. What is t(2)?
27
Let l(b) = -316853*b + 633613. Give l(2).
-93
Let g(o) = o**3 + 173*o**2 + 167*o - 776. What is g(-172)?
84
Let b(q) = 6383*q - 51092. What is b(8)?
-28
Let z(s) = 39*s**2 - 580*s - 7254. Calculate z(23).
37
Let w(q) = -264*q - 4319. What is w(-15)?
-359
Let d(f) = 65*f**2 - 11641*f + 1053. Give d(179).
-21
Let b(d) = 2*d**3 - 263*d**2 + 5169*d - 203. What is b(24)?
13
Let g(s) = -36765*s - 10000082. Calculate g(-272).
-2
Let h(a) = 2*a**2 - 1977*a - 7933. What is h(-4)?
7
Let n(h) = 5*h**3 - 84*h**2 - 27*h + 133. What is n(17)?
-37
Let u(z) = -2*z**2 - 65*z - 91. Determine u(-27).
206
Let r(z) = -z**3 - 17*z**2 - 243*z + 874. What is r(3)?
-35
Let r(l) = 6*l**2 + 15607*l + 584416. What is r(-38)?
14
Let o(i) = -i**2 + 8477*i - 76218. Determine o(9).
-6
Let x(y) = y**3 + 52*y**2 - 222*y + 14. Calculate x(4).
22
Let w(z) = 718*z - 546563. Calculate w(761).
-165
Let o(z) = 2*z**3 + 6*z**2 - 97*z + 31. Give o